 - 2*b + 5. Let k be u(-15). What is the highest common factor of k and 7?
7
Let t be 8 + -3 + 1 - 0. Calculate the highest common divisor of 186 and t.
6
Suppose 0 = -2*z - 2*n + 56, 2*n + 40 = -0*z + z. Suppose 34*v + 18 = 40*v. Suppose -12 = -6*t + v*t. Calculate the highest common divisor of z and t.
4
Suppose -2*o + 20 = t, -2*o - 1 = 2*t - 19. Calculate the greatest common divisor of o and 275.
11
Let l = -4 - -8. Let f(u) = -u**2 - u - 1. Let q(r) = 3*r**2 - 4*r + 8. Let c(n) = l*f(n) + q(n). Let g be c(-8). What is the greatest common factor of 4 and g?
4
Let x be 107 - 106 - -1*47. Let f = 30 - 14. What is the greatest common factor of f and x?
16
Suppose -152*z + 154*z - 624 = 0. What is the greatest common divisor of 78 and z?
78
Suppose 4*y + 0*c = c + 74, -5*y + c + 93 = 0. Let m = y - 15. Suppose -l = m*o - 213, -4*o - 5*l - 27 = -5*o. Calculate the greatest common factor of 78 and o.
26
Suppose -51 = 11*w - 16*w + 2*l, 3*w - 4*l - 25 = 0. What is the highest common divisor of w and 275?
11
Suppose -5*o + 15 = -0*o. Let y be o/1 - (-2 + -123). Suppose -5*p - 4*m = -60, -4*p + 0*p + 44 = 4*m. What is the greatest common divisor of p and y?
16
Let b be (-10)/(-3)*(6 - -17 - -7). What is the highest common divisor of 90 and b?
10
Let r(z) = 974*z**3 - z**2 + 5*z - 2. Let n be r(1). What is the greatest common divisor of 61 and n?
61
Let q(z) = z**2 + z - 4. Let v be q(-3). Let r(d) = -v*d + 16 - 5 + 0*d + 3*d. Let h be r(-7). Calculate the greatest common divisor of h and 28.
4
Let s be (-11 - 2500/(-28)) + (-2)/7. What is the greatest common factor of s and 52?
26
Suppose 2*c - 2*x = 38, -4*c - x + 4*x = -73. Let d = 147 + -84. Let y = d - 31. Calculate the highest common divisor of y and c.
16
Let g(m) = m**3 + 11*m**2 + m + 11. Let y be g(-11). Suppose 2*i + 3*i + 5*j = 0, y = i + 2*j + 2. What is the highest common divisor of 1 and i?
1
Let c = -21 - -38. Let u = c + 64. What is the highest common divisor of 9 and u?
9
Let s(d) be the third derivative of d**6/120 - d**5/60 - 5*d**3/6 - 18*d**2. Let u be s(3). What is the highest common divisor of 104 and u?
13
Let p = -221 - -241. Suppose -2*u = 3*u - 300. What is the highest common factor of p and u?
20
Let p be 1028/(0 + 2) - 3. Let v = -225 + p. What is the greatest common factor of 26 and v?
26
Suppose 30 = -36*b + 41*b. Calculate the highest common factor of b and 222.
6
Let z = -1 + 1. Suppose -v = -4 - z. Suppose m - v*m - 12 = 0, 75 = 5*g + 5*m. What is the highest common factor of 19 and g?
19
Let i(s) = -10*s**3 + 6*s**2 + 9*s + 5. Let m be i(-2). Calculate the highest common divisor of 13 and m.
13
Suppose -1015 - 812 = -29*u. Let v = 10 + 74. Calculate the highest common divisor of v and u.
21
Suppose c - 322 = -3*c + t, 5*c = t + 403. What is the highest common factor of c and 108?
27
Let x = 144 + -111. Suppose -3*s = 3*j - x, 3*s - 18 - 1 = 4*j. Calculate the highest common factor of 9 and s.
9
Let u(g) = 6*g - 22. Let m be u(6). Let p = -21 - -42. What is the greatest common divisor of p and m?
7
Let t = -97 + 98. Let f be t - 3/2 - 77/(-14). What is the greatest common factor of 5 and f?
5
Suppose 5*d - 17*s + 13*s = 236, -20 = 5*s. Calculate the highest common divisor of d and 1100.
44
Let x(g) = 14*g**2 - 15*g - 292. Let r be x(-10). Calculate the greatest common divisor of 74 and r.
74
Suppose 0*i = 2*i - 3*v + 4, -i = 5*v + 2. Let y be (i/(-6))/(1/306). Calculate the greatest common factor of y and 68.
34
Let j = 53 + -21. Calculate the greatest common factor of 352 and j.
32
Suppose -5 = -c + 14. Let a be c + -7 - (-2 + 5). Let m(y) = y**2 - 5*y + 6. Let x be m(a). Calculate the highest common divisor of x and 105.
21
Let d(j) = -j**3 - 3*j**2 - 2*j - 16. Let q be d(-5). Suppose -7 - 15 = -2*i. What is the greatest common divisor of i and q?
11
Let o = 14 + -2. Let p = -3 - -9. What is the greatest common divisor of p and o?
6
Let f = -8 + -1. Let q = f + 13. Let d be (-250)/(-4) + 2/q. What is the highest common factor of d and 7?
7
Let n(g) = g**3 + 6*g**2 - 3*g. Let x be n(-7). Let p be (x + 12)*30/(-4). What is the greatest common divisor of p and 15?
15
Suppose -95 = 2*r - 4*g - 223, 208 = 3*r - 2*g. What is the highest common divisor of r and 9?
9
Let s be -1*4*6/8. Let f = s + -3. Let w be ((-1)/2)/(f/480). Calculate the highest common divisor of w and 10.
10
Let r be 2/(-8) - (-3)/(-4). Let i = 9 + r. Suppose -x + 3*s = -6, -54*x - 2*s = -56*x + 20. What is the greatest common factor of x and i?
4
Suppose -r + 23 = u - 3, -r + 122 = 5*u. Suppose -76 = -4*a - u. Calculate the highest common divisor of 143 and a.
13
Let f(k) = k**2 - 22*k + 51. Let v be f(25). What is the greatest common factor of v and 144?
18
Let b = 553 + -403. Calculate the greatest common divisor of 90 and b.
30
Let k = -34 + 181. What is the highest common factor of k and 63?
21
Let u = 31 + 73. Calculate the highest common factor of u and 24.
8
Let j(m) = 2*m. Let s be j(-2). Let f = 16 - s. What is the greatest common divisor of 5 and f?
5
Suppose -2 = 5*k - 7. Calculate the highest common factor of 2 and k.
1
Suppose -v + o + 167 = 0, -v + 2*o + 177 = 3*o. Suppose j + 2*n = -n + 48, -2*n - v = -5*j. Calculate the greatest common divisor of 288 and j.
36
Let m be (141 + -8)*(-4)/(-14). Calculate the greatest common divisor of 722 and m.
38
Suppose -5*w - 5*o + 14 = -2*o, 3*o - 5 = 4*w. Let c = 10 - w. Let l = -202 + 301. What is the greatest common divisor of c and l?
9
Suppose -6*z - 37 + 55 = 0. Let a be (-23 - 11)*z/(-6). Calculate the highest common factor of a and 17.
17
Let k be ((-3)/(-4)*-10)/(36/(-96)). Calculate the highest common factor of k and 160.
20
Let j = 67 + -59. Suppose -j*p + 29 = -115. Calculate the greatest common factor of p and 36.
18
Let g be 23 + -8 + 0 + 1. Let n be (-3)/(-2)*192/9. Calculate the greatest common divisor of g and n.
16
Let n be (-273)/(-6) - (1 - (-3)/(-2)). Let z = n - -20. What is the highest common factor of z and 22?
22
Let b = -1 - -7. Let p be (-220)/14 + b/(-21). Let q be 1/(-2 - 34/p). What is the greatest common divisor of 1 and q?
1
Suppose 375 = 4*k + 2*w + 93, 3*k = w + 224. Let u = 74 - k. Calculate the greatest common factor of 11 and u.
1
Let h(i) = 33*i + 21. Let y(t) = 8*t + 5. Let m(x) = -5*h(x) + 21*y(x). Let f be m(2). What is the highest common factor of 2 and f?
2
Let c = 34 + -40. Let o(p) = p - p - 3*p. Let s be o(c). What is the highest common factor of s and 12?
6
Suppose 5*i - 49 = -x, 10*x - 2*i = 14*x - 106. What is the highest common divisor of x and 2328?
24
Let u(n) = 9*n**2 + 99*n - 25. Let m be u(-12). What is the highest common factor of 415 and m?
83
Let k(f) = -f**3 + 9*f**2 + 27*f - 41. Let j be k(11). Calculate the greatest common divisor of j and 462.
14
Let c be 42 + (5 - 4 - 1 - -3). Suppose -5*s = -6*s + c. What is the greatest common divisor of 10 and s?
5
Let l = -170 + 286. Suppose -20 = 6*z - l. Calculate the highest common factor of z and 32.
16
Let r(g) = -2*g + 2*g**3 - 5 - 1 + 0*g**3 + 3 + 18*g**2. Let i be r(-9). Let c be 8 - (0 - (3 - 1)). Calculate the greatest common factor of c and i.
5
Let k(a) = -a**2 + a + 10. Let l be k(12). Let h be -3 + 11 - 4 - l. What is the highest common factor of 14 and h?
14
Suppose -z = -0 + 1. Let h be 0 - (4 + -1) - (-163 + 0). Let x be (2 + z)/(2/h). What is the highest common factor of 16 and x?
16
Suppose -22 - 110 = -11*u. Suppose u = -0*f + 6*f. What is the highest common divisor of f and 18?
2
Suppose -4*k = -2*k - 2*j - 448, 2*k = -5*j + 455. Let x be 54/(-4)*10/(-15). Calculate the highest common factor of x and k.
9
Suppose 8*z + 228 = 12*z. Let f be 38/4*(0 + 2). What is the highest common divisor of f and z?
19
Let l be (-1169)/(-42) + (-2)/(-12). Suppose -12*z + 11*z = -l. Calculate the highest common factor of 4 and z.
4
Suppose w = -f + 521, 12*w - 516 = -f + 16*w. What is the greatest common factor of f and 8?
8
Suppose 2*k - 2*v + 4 = 4*k, 0 = 3*k - 2*v - 31. Suppose -5*i = 19 + 1. Let n = k + i. What is the highest common divisor of n and 21?
3
Let q(u) = u**2 + 16*u + 84. Let o be q(-5). What is the greatest common divisor of o and 261?
29
Let k be 1485/54 + 1/2. What is the greatest common factor of k and 16?
4
Let i be 0/(